{"id":29,"date":"2015-02-02T19:28:46","date_gmt":"2015-02-02T19:28:46","guid":{"rendered":"http:\/\/www.tashijomo.de\/wordpress\/?page_id=29"},"modified":"2015-02-05T20:17:22","modified_gmt":"2015-02-05T20:17:22","slug":"pflege","status":"publish","type":"page","link":"https:\/\/www.tashijomo.de\/?page_id=29","title":{"rendered":"Pflege"},"content":{"rendered":"<p style=\"text-align: center;\">\u00a0Keine Angst vor langen Haaren !<\/p>\n<p>In der urspr\u00fcnglichen Heimat des Tibet Terriers wechseln sich eisige, lange Winter mit kurzen hei\u00dfen Sommern ab.<br \/>\nZum Schutz dieser Wetter extreme besitzt der Tibet Terrier von Natur aus ein dickes, doppel schichtiges Haarkleid, mit feiner Unterwolle und \u00fcppigem, langem Deckhaar.<br \/>\nDieses sch\u00fctzt ihn sowohl vor gro\u00dfer K\u00e4lte sowie durch die isolierende Wirkung auch vor der Sommerhitze.<br \/>\nOhne den Schutz den dieses Haarkleid bietet, h\u00e4tten die als Schutz- und H\u00fctehunde eingesetzten Tiere, in den kalten, rauhen Landstrichen ihrer tibetischen Heimat schwerlich \u00fcberleben k\u00f6nnen.<br \/>\nDer Aufbau dieses Haarkleides hat f\u00fcr die heutige Wohnungshaltung gegen\u00fcber den Fellarten anderer Hunderassen einen gro\u00dfen Vorteil:<\/p>\n<p>Ein Tibet Terrier haart so gut wie gar nicht!<\/p>\n<p>Nat\u00fcrlich braucht die Haarpracht unseres Freundes auch Pflege.<br \/>\nIn der einschl\u00e4gigen Literatur kann man jede Menge dar\u00fcber erfahren.<\/p>\n<p>Aber was Sie auch immer dar\u00fcber lesen sollten, lassen Sie sich nicht verunsichern!<br \/>\nDer Gro\u00dfteil der heute in unseren Breiten gehaltenen Tibet Terrier sind keine Ausstellungstiere, sondern unsere geliebten, treuen Gef\u00e4hrten im Alltag und kommen wie jeder andere Hund mit einer seinem Haarkleid entsprechenden normalen Pflege aus.<br \/>\nLediglich 3 bis 4 Werkzeuge sind meines Erachtens f\u00fcr den normalen Alltag erforderlich.<\/p>\n<p>Ein bis zwei Haarb\u00fcrsten, ein grober, gezinkter Stahlkamm, sowie ein feinerer Unterwollenkamm reichen, nach meiner mehr als 20 j\u00e4hrigen Erfahrung als Hundesalonbesitzerin und Liebhaberz\u00fcchter der Rasse, f\u00fcr das standardm\u00e4\u00dfige Feinmachen unseres Lieblings v\u00f6llig aus. Wie auch sonst im Leben gilt auch hier: Teuer muss nicht immer gleich besser sein!<\/p>\n<p>Findet einer unserer Welpen sein neues zu Hause, wird dem Frauchen und\/oder Herrchen selbstverst\u00e4ndlich bei uns gezeigt wie man einen Tibet Terrier richtig b\u00fcrstet, k\u00e4mmt und pflegt.<\/p>\n<p>Das wichtigste ist den Welpen bereits fr\u00fchzeitig daran zu gew\u00f6hnen, was er auch sehr schnell lernt. Neben der regelm\u00e4\u00dfigen Fellpflege und der Massagewirkung f\u00fcr seine Haut, stellt die Prozedur des B\u00fcrstens f\u00fcr unseren Tibbi-Welpen auch eine wichtige soziale Komponente im Zusammenleben mit seinem menschlichen Gef\u00e4hrten dar.<\/p>\n<p>Selbstverst\u00e4ndlich stehe ich Ihnen auch nach der \u00dcbergabe des Welpen jederzeit mit Rat und Tat zur Verf\u00fcgung.<\/p>\n","protected":false},"excerpt":{"rendered":"<p>\u00a0Keine Angst vor langen Haaren ! In der urspr\u00fcnglichen Heimat des Tibet Terriers wechseln sich eisige, lange Winter mit kurzen hei\u00dfen Sommern ab. Zum Schutz dieser Wetter extreme besitzt der Tibet Terrier von Natur aus ein dickes, doppel schichtiges Haarkleid, mit feiner Unterwolle und \u00fcppigem, langem Deckhaar. Dieses sch\u00fctzt ihn sowohl vor gro\u00dfer K\u00e4lte sowie &hellip; <a href=\"https:\/\/www.tashijomo.de\/?page_id=29\" class=\"more-link\"><span class=\"screen-reader-text\">Pflege<\/span> weiterlesen<\/a><\/p>\n","protected":false},"author":1,"featured_media":0,"parent":0,"menu_order":5,"comment_status":"closed","ping_status":"closed","template":"","meta":{"ngg_post_thumbnail":0,"footnotes":""},"class_list":["post-29","page","type-page","status-publish","hentry"],"_links":{"self":[{"href":"https:\/\/www.tashijomo.de\/index.php?rest_route=\/wp\/v2\/pages\/29","targetHints":{"allow":["GET"]}}],"collection":[{"href":"https:\/\/www.tashijomo.de\/index.php?rest_route=\/wp\/v2\/pages"}],"about":[{"href":"https:\/\/www.tashijomo.de\/index.php?rest_route=\/wp\/v2\/types\/page"}],"author":[{"embeddable":true,"href":"https:\/\/www.tashijomo.de\/index.php?rest_route=\/wp\/v2\/users\/1"}],"replies":[{"embeddable":true,"href":"https:\/\/www.tashijomo.de\/index.php?rest_route=%2Fwp%2Fv2%2Fcomments&post=29"}],"version-history":[{"count":2,"href":"https:\/\/www.tashijomo.de\/index.php?rest_route=\/wp\/v2\/pages\/29\/revisions"}],"predecessor-version":[{"id":71,"href":"https:\/\/www.tashijomo.de\/index.php?rest_route=\/wp\/v2\/pages\/29\/revisions\/71"}],"wp:attachment":[{"href":"https:\/\/www.tashijomo.de\/index.php?rest_route=%2Fwp%2Fv2%2Fmedia&parent=29"}],"curies":[{"name":"wp","href":"https:\/\/api.w.org\/{rel}","templated":true}]}}